alse
Is 645513 a multiple of 631?
True
Does 29 divide 15720893?
False
Is 44960928 a multiple of 48?
True
Is 244303878 a multiple of 819?
False
Is 43525170 a multiple of 195?
True
Does 26 divide 193988413?
False
Is 12 a factor of 56974294?
False
Does 51 divide 100743987?
False
Is 6 a factor of 2032992345?
False
Is 100 a factor of 71538375?
False
Does 5 divide 8639236?
False
Is 49824000 a multiple of 1557?
True
Does 2 divide 4416884?
True
Does 39 divide 212690181?
False
Is 18 a factor of 63414882?
True
Is 4000359051 a multiple of 117?
True
Does 2725 divide 662480200?
True
Is 8317276 a multiple of 191?
False
Is 13627725 a multiple of 162?
False
Is 148 a factor of 6243925?
False
Does 13 divide 483559423?
False
Is 1184096413 a multiple of 4159?
True
Is 662 a factor of 338785961?
False
Does 543 divide 21262387?
False
Does 407 divide 34498948?
True
Is 44670614 a multiple of 801?
False
Is 6 a factor of 481755851?
False
Is 262974492 a multiple of 4059?
True
Does 37 divide 7142868?
False
Is 68975830 a multiple of 335?
True
Does 10 divide 417467845?
False
Does 568 divide 812445616?
True
Is 25 a factor of 1722884220?
False
Is 6880279 a multiple of 4?
False
Is 126293508 a multiple of 44?
True
Is 2302 a factor of 116883784?
False
Is 197112974 a multiple of 50?
False
Does 96 divide 4045324032?
True
Is 21 a factor of 33054849?
False
Is 994 a factor of 208184529?
False
Does 9 divide 79387059?
False
Is 17 a factor of 55397373?
True
Does 20 divide 73002990?
False
Is 7517664 a multiple of 264?
True
Is 2113 a factor of 43353032?
False
Is 8050119 a multiple of 33?
True
Is 22631168 a multiple of 256?
True
Is 30102800 a multiple of 910?
True
Does 105 divide 63925518?
False
Is 1519 a factor of 590534035?
True
Is 29906136 a multiple of 117?
True
Does 4 divide 27391910?
False
Is 244 a factor of 16788082?
False
Is 346 a factor of 869885265?
False
Does 497 divide 1168665?
False
Is 707361200 a multiple of 7?
True
Is 3020810423 a multiple of 252?
False
Is 2682142609 a multiple of 838?
False
Does 289 divide 916351085?
True
Is 49 a factor of 301138761?
True
Is 72415862 a multiple of 552?
False
Is 431620028 a multiple of 196?
True
Is 6559 a factor of 871277014?
False
Does 47 divide 572567536?
True
Is 8620308 a multiple of 2154?
True
Is 86160579 a multiple of 598?
False
Is 113 a factor of 110538513?
False
Is 38 a factor of 79983882?
True
Is 177006354 a multiple of 14?
True
Does 9 divide 156868293?
False
Does 9 divide 31254894?
True
Is 11 a factor of 1335608863?
False
Is 2345 a factor of 1503878839?
False
Is 79 a factor of 376040079?
True
Does 4314 divide 951055812?
True
Does 171 divide 18643104?
True
Is 10134438 a multiple of 411?
True
Does 34 divide 85497114?
True
Is 1313 a factor of 2967282?
False
Is 213 a factor of 1299490900?
False
Is 13 a factor of 188042657?
False
Is 87156753 a multiple of 2?
False
Is 72 a factor of 2325624319?
False
Is 173248261 a multiple of 7?
False
Does 27 divide 474419106?
True
Is 36694976 a multiple of 32?
True
Is 2242300 a multiple of 85?
True
Is 21059691 a multiple of 131?
True
Does 1295 divide 1661584715?
True
Is 34606377 a multiple of 681?
True
Does 32 divide 150758327?
False
Does 652 divide 27329039?
False
Is 125552840 a multiple of 2590?
True
Is 52 a factor of 534599692?
False
Does 23 divide 435761588?
True
Does 106 divide 305407913?
False
Is 104027246 a multiple of 32?
False
Is 1520366776 a multiple of 3154?
True
Does 6 divide 1589538282?
True
Is 233217213 a multiple of 111?
False
Does 6 divide 420326214?
True
Is 18578070 a multiple of 105?
True
Is 2033257597 a multiple of 1396?
False
Is 12 a factor of 8025096?
True
Is 927 a factor of 16667460?
True
Is 857 a factor of 116707974?
True
Is 36045781 a multiple of 167?
True
Is 4295 a factor of 779215340?
False
Is 3177870212 a multiple of 3278?
True
Is 7463 a factor of 320073144?
True
Does 31 divide 186645947?
True
Is 304752671 a multiple of 72?
False
Is 62763831 a multiple of 13?
True
Is 350759583 a multiple of 1621?
False
Is 666 a factor of 140255604?
True
Is 873 a factor of 3482240733?
True
Is 114883812 a multiple of 9?
True
Is 2904 a factor of 353194862?
False
Is 334815094 a multiple of 97?
True
Does 404 divide 29194880?
False
Is 1219205580 a multiple of 721?
False
Is 3182736090 a multiple of 85?
True
Is 33 a factor of 282968400?
True
Is 154 a factor of 9142210?
True
Is 746 a factor of 3616669918?
True
Does 36 divide 210269980?
False
Is 6349 a factor of 6880974487?
False
Does 1664 divide 728138791?
False
Is 125579850 a multiple of 187?
True
Does 4541 divide 2323438978?
True
Does 19 divide 1197956533?
False
Is 7 a factor of 21989744?
True
Does 5172 divide 20651095?
False
Does 27 divide 2072589087?
False
Is 326 a factor of 71178212?
False
Is 92752125 a multiple of 25?
True
Is 378813730 a multiple of 5?
True
Is 11139049 a multiple of 1232?
False
Is 198891699 a multiple of 1227?
False
Is 2 a factor of 11151538?
True
Does 5 divide 4125840?
True
Is 37 a factor of 907564028?
False
Is 112877649 a multiple of 44?
False
Is 351358018 a multiple of 22?
True
Is 37274337 a multiple of 4?
False
Is 192926299 a multiple of 67?
True
Is 102351865 a multiple of 2015?
False
Does 1167 divide 105596152?
False
Is 105 a factor of 2167990335?
True
Does 325 divide 136087771?
False
Is 10052087 a multiple of 256?
False
Is 1037 a factor of 77560341?
True
Is 1029 a factor of 77590879?
False
Does 2872 divide 96712370?
False
Is 52270764 a multiple of 1902?
True
Does 6 divide 4075536?
True
Is 24453384 a multiple of 729?
False
Is 55487510 a multiple of 349?
True
Is 16647624 a multiple of 1044?
True
Is 24762009 a multiple of 57?
False
Is 61595341 a multiple of 133?
False
Does 286 divide 917222592?
True
Is 3334388480 a multiple of 40?
True
Is 731 a factor of 57719517?
False
Is 1849 a factor of 51999427?
True
Is 550 a factor of 71082000?
True
Does 22 divide 24531430?
True
Is 21234112 a multiple of 32?
True
Is 277267029 a multiple of 39?
True
Is 25184880 a multiple of 560?
True
Does 3554 divide 16272836?
False
Does 48 divide 106050113?
False
Does 4675 divide 433522466?
False
Is 917 a factor of 269491220?
False
Does 5 divide 6872250?
True
Is 352 a factor of 941433242?
False
Is 41238672 a multiple of 339?
True
Does 5811 divide 143706030?
True
Is 1453 a factor of 148592498?
True
Does 3 divide 168070605?
True
Is 491 a factor of 325343965?
True
Does 371 divide 1558186273?
True
Is 534083650 a multiple of 1849?
True
Is 160 a factor of 32814272?
False
Does 2649 divide 423061907?
False
Is 274100023 a multiple of 4?
False
Does 71 divide 1580460?
True
Does 513 divide 36227501?
False
Does 2853 divide 108277307?
False
Does 383 divide 1709712?
True
Is 50357412 a multiple of 252?
True
Is 6307647 a multiple of 3?
True
Is 21 a factor of 41218947?
True
Is 249938369 a multiple of 186?
False
Is 127 a factor of 52627657?
True
Is 510 a factor of 68804610?
True
Is 202361628 a multiple of 1442?
True
Is 65110483 a multiple of 719?
True
Is 76682772 a multiple of 354?
True
Is 600 a factor of 644372400?
True
Does 6 divide 451660921?
False
Is 314924870 a multiple of 14?
False
Does 13 divide 5898984?
True
Is 3018084025 a multiple of 51?
False
Does 7 divide 147579479?
False
Is 4818790 a multiple of 10?
True
Is 215 a factor of 14786840?
True
Does 2608 divide 1144600086?
False
Does 112 divide 171766342?
False
Is 16233568 a multiple of 1789?
False
Does 47 divide 1389064696?
True
Is 457167978 a multiple of 34?
True
Is 71 a factor of 265576849?
True
Is 1816058543 a multiple of 14?
False
Is 12238204 a multiple of 836?
True
Does 204 divide 1720978884?
True
Is 119 a factor of 114993984?
True
Is 812 a factor of 228195911?
False
Does 250 divide 23195750?
True
Does 513 divide 1521857976?
False
Is 606 a factor of 12705396?
True
Is 203 a factor of 14563955?
False
Does 1100 divide 300279098?
False
Is 185 a factor of 1409594180?
True
Does 58 divide 2830832778?
False
Does 28 divide 139844925?
False
Is 577 a factor of 1711204284?
True
Does 94 divide 79097814?
False
Does 8 divide 756635403?
False
Is 364705858 a multiple of 5038?
True
Is 13 a factor of 2430589962?
False
Does 1336 divide 10065424?
True
Is 196 a factor of 70138808?
False
Is 109108014 a multiple of 807?
True
Is 161428663 a multiple of 3805?
False
Is 2555114 a multiple of 12?
False
Does 24 divide 54634128?
True
Is